or of 517 and 849739649?
517
What is the highest common divisor of 122 and 1529087?
61
What is the highest common factor of 67 and 50073723?
67
Calculate the greatest common divisor of 77099427 and 2070.
207
Calculate the highest common factor of 9534279 and 47.
47
Calculate the highest common divisor of 1696842 and 215874.
1206
What is the greatest common factor of 278787264 and 150528?
9408
What is the highest common factor of 18 and 1623987?
9
What is the greatest common divisor of 1098 and 59495862?
366
What is the greatest common factor of 713052 and 34452?
1044
What is the highest common divisor of 83700 and 39556?
124
What is the greatest common factor of 88 and 43719896?
88
Calculate the greatest common factor of 20772045 and 11340.
2835
Calculate the highest common factor of 7523467 and 65281.
673
What is the highest common factor of 775 and 1528207?
31
What is the greatest common divisor of 1632 and 77313144?
408
Calculate the highest common factor of 55213037 and 3415.
683
Calculate the greatest common divisor of 13108 and 1726188.
452
What is the highest common factor of 661 and 197257603?
661
What is the highest common divisor of 108 and 3799116?
108
What is the greatest common divisor of 18 and 1132121652?
6
Calculate the greatest common divisor of 136372659 and 177.
177
What is the greatest common factor of 159434 and 9570?
22
Calculate the greatest common factor of 4 and 4084831.
1
What is the greatest common divisor of 25934854 and 604?
302
Calculate the greatest common divisor of 923289 and 37812.
69
Calculate the greatest common factor of 1947 and 135927.
33
Calculate the greatest common factor of 19461 and 376311.
39
What is the highest common divisor of 46 and 39794?
2
What is the greatest common divisor of 1106328 and 13764?
372
What is the greatest common factor of 471 and 3817572279?
471
What is the highest common factor of 177408 and 341264?
1232
What is the highest common factor of 43 and 2295859225?
43
What is the greatest common factor of 7691 and 275?
1
What is the highest common factor of 472642 and 6734446?
562
What is the highest common factor of 10395722 and 7358?
566
Calculate the highest common divisor of 3616386 and 3424.
214
What is the highest common divisor of 25192 and 162808?
376
Calculate the highest common divisor of 2016326160 and 16.
16
What is the highest common divisor of 1810 and 297689795?
905
Calculate the highest common factor of 61884 and 85950.
3438
What is the greatest common factor of 45312 and 3288?
24
What is the greatest common factor of 2488616 and 559?
13
Calculate the greatest common divisor of 601318 and 2726.
94
Calculate the greatest common divisor of 21051817 and 1676.
419
Calculate the highest common factor of 6 and 2540456.
2
Calculate the greatest common divisor of 510 and 204900.
30
Calculate the greatest common divisor of 8 and 50379130.
2
Calculate the highest common divisor of 555591700 and 23500.
4700
What is the greatest common factor of 75 and 137158050?
75
What is the greatest common divisor of 203346 and 150021?
711
Calculate the highest common divisor of 7372 and 2926.
38
Calculate the greatest common divisor of 84847 and 44597.
161
Calculate the greatest common divisor of 22722 and 3388.
14
Calculate the greatest common divisor of 559 and 216118.
43
Calculate the greatest common factor of 73780 and 910315.
1085
Calculate the highest common divisor of 31582 and 1837867117.
15791
What is the greatest common divisor of 5536769 and 7?
7
Calculate the greatest common divisor of 54113 and 163360.
1021
What is the highest common factor of 8704 and 530196?
68
Calculate the highest common factor of 37140 and 84090.
30
Calculate the greatest common factor of 458294 and 125302.
86
What is the greatest common divisor of 88 and 284306?
22
Calculate the greatest common divisor of 1452582 and 91086.
4794
What is the greatest common divisor of 534 and 1223038?
178
Calculate the greatest common factor of 51523034 and 4.
2
What is the greatest common factor of 83296608 and 224?
32
Calculate the greatest common factor of 2004876 and 30708.
36
Calculate the greatest common divisor of 159360912 and 8.
8
Calculate the greatest common factor of 35198509 and 8.
1
Calculate the highest common divisor of 82 and 3426165.
41
Calculate the highest common factor of 10325339 and 73.
73
What is the highest common factor of 440749 and 1219?
23
What is the greatest common factor of 200466 and 3827?
43
What is the greatest common factor of 63323 and 25935?
13
Calculate the highest common factor of 70 and 96553660.
70
What is the highest common factor of 5974 and 80134?
206
What is the highest common divisor of 520616 and 480?
8
What is the greatest common factor of 3207740 and 1210?
10
What is the highest common factor of 621 and 1454549049?
621
What is the greatest common factor of 559607425 and 4498?
2249
What is the highest common factor of 16071 and 199749?
33
What is the greatest common divisor of 16 and 155240?
8
What is the highest common divisor of 22523 and 19695?
101
What is the greatest common factor of 4316 and 1313?
13
Calculate the highest common divisor of 2332 and 654656.
212
What is the highest common divisor of 5980 and 352742?
26
What is the greatest common factor of 569 and 44984571?
569
What is the greatest common divisor of 791902 and 69662?
122
Calculate the greatest common factor of 45842165 and 5.
5
What is the greatest common factor of 1113627 and 29083?
229
What is the highest common factor of 196 and 572?
4
Calculate the greatest common divisor of 299145 and 157542.
231
What is the greatest common divisor of 8875005 and 29045?
185
What is the greatest common divisor of 106528 and 382?
2
Calculate the highest common factor of 450 and 100225550.
50
What is the greatest common divisor of 212298 and 7872?
246
Calculate the greatest common factor of 4557905 and 1.
1
What is the greatest common factor of 65332 and 92?
4
Calculate the highest common divisor of 1328 and 2399198.
166
What is the greatest common divisor of 3794585 and 155710?
3385
Calculate the highest common divisor of 55296 and 18169856.
2048
Calculate the greatest common divisor of 64134090 and 36.
18
Calculate the greatest common divisor of 1561050 and 100.
50
What is the highest common divisor of 16571637 and 18?
9
Calculate the highest common divisor of 59634440 and 2320.
1160
Calculate the highest common factor of 7590 and 6121830.
330
Calculate the highest common divisor of 3782 and 1892708.
122
What is the highest common divisor of 1143 and 391266?
9
Calculate the highest common divisor of 195384268 and 12.
4
Calculate the highest common divisor of 26512 and 92744.
8
What is the greatest common divisor of 399 and 285999?
21
Calculate the greatest common factor of 196 and 13599068.
196
What is the greatest common divisor of 8142501 and 3?
3
What is the greatest common divisor of 222264024 and 10128?
5064
What is the greatest common divisor of 3615788 and 5772?
148
Calculate the greatest common divisor of 58200 and 789900.
300
What is the highest common divisor of 4910529 and 45510?
4551
Calculate the highest common factor of 2327238 and 187866.
3834
Calculate the greatest common factor of 61755 and 570515.
115
What is the highest common divisor of 10 and 4334642?
2
What is the highest common divisor of 13087580 and 66340?
620
Calculate the greatest common factor of 81075661 and 1002.
167
What is the greatest common divisor of 82579462 and 14?
14
What is the highest common divisor of 7450 and 39520?
10
What is the highest common divisor of 3 and 2607468?
3
What is the highest common factor of 81 and 5815833?
3
Calculate the greatest common divisor of 31796884 and 980.
196
Calculate the greatest common divisor of 16439823 and 2718.
1359
What is the highest common factor of 600 and 2405560?
40
Calculate the highest common divisor of 74574189 and 52731.
2511
Calculate the greatest common factor of 70004 and 629444.
148
What is the highest common divisor of 30167 and 144627?
97
What is the greatest common divisor of 3559685 and 420?
5
What is the highest common factor of 4029 and 299815349?
1343
What is the greatest common factor of 5346852 and 1708?
28
Calculate the highest common factor of 27 and 337817331